, 941
List the prime factors of 103464.
2, 3, 479
List the prime factors of 522575.
5, 20903
What are the prime factors of 210583?
31, 6793
What are the prime factors of 7054?
2, 3527
List the prime factors of 283715.
5, 179, 317
What are the prime factors of 247463?
247463
List the prime factors of 1005403.
7, 143629
List the prime factors of 1159468.
2, 17, 59
List the prime factors of 8002170.
2, 3, 5, 11, 59, 137
List the prime factors of 925589.
7, 23, 5749
What are the prime factors of 10202003?
7, 1457429
List the prime factors of 15698563.
15698563
What are the prime factors of 645627?
3, 29, 41, 181
List the prime factors of 323344.
2, 7, 2887
What are the prime factors of 700913?
127, 5519
List the prime factors of 4042165.
5, 29, 61, 457
List the prime factors of 233491.
19, 12289
List the prime factors of 21773292.
2, 3, 113, 16057
List the prime factors of 13535519.
17, 709, 1123
What are the prime factors of 4555851?
3, 47, 79, 409
List the prime factors of 29415234.
2, 3, 4902539
List the prime factors of 200167.
11, 31, 587
What are the prime factors of 5809939?
5809939
What are the prime factors of 8024001?
3, 61, 163, 269
List the prime factors of 7599854.
2, 3799927
What are the prime factors of 470136?
2, 3, 19, 1031
List the prime factors of 726971.
7, 17, 41, 149
What are the prime factors of 182267?
19, 53, 181
What are the prime factors of 3376995?
3, 5, 225133
List the prime factors of 271564.
2, 67891
What are the prime factors of 13485088?
2, 421409
List the prime factors of 2748194.
2, 947, 1451
What are the prime factors of 291819?
3, 11, 37, 239
What are the prime factors of 1944262?
2, 972131
What are the prime factors of 4244365?
5, 31, 139, 197
What are the prime factors of 154323?
3, 13, 1319
List the prime factors of 2079773.
53, 39241
What are the prime factors of 374638?
2, 11, 17029
List the prime factors of 92022.
2, 3, 7, 313
List the prime factors of 610207.
13, 73, 643
List the prime factors of 12598089.
3, 7, 23, 26083
What are the prime factors of 121802?
2, 60901
List the prime factors of 914925.
3, 5, 11, 1109
What are the prime factors of 1407551?
1407551
What are the prime factors of 1824847?
1824847
What are the prime factors of 78326?
2, 39163
What are the prime factors of 1198716?
2, 3, 191, 523
List the prime factors of 8129909.
8129909
What are the prime factors of 7830161?
7830161
List the prime factors of 147751.
71, 2081
List the prime factors of 2144280.
2, 3, 5, 107, 167
What are the prime factors of 688980?
2, 3, 5, 11483
List the prime factors of 79434.
2, 3, 1471
List the prime factors of 128726.
2, 13, 4951
List the prime factors of 4888250.
2, 5, 19553
List the prime factors of 1124658.
2, 3, 59, 353
What are the prime factors of 6900870?
2, 3, 5, 37, 6217
List the prime factors of 2602103.
7, 127, 2927
What are the prime factors of 12272003?
12272003
What are the prime factors of 2257683?
3, 83, 9067
List the prime factors of 2318897.
7, 337, 983
List the prime factors of 4844505.
3, 5, 109, 2963
List the prime factors of 13718540.
2, 5, 11, 127, 491
List the prime factors of 9845344.
2, 19, 16193
What are the prime factors of 399061?
13, 30697
List the prime factors of 13628838.
2, 3, 2271473
List the prime factors of 11642066.
2, 5821033
What are the prime factors of 4044160?
2, 5, 71, 89
What are the prime factors of 3160497?
3, 113, 9323
List the prime factors of 11566734.
2, 3, 1927789
List the prime factors of 5676295.
5, 521, 2179
List the prime factors of 57679.
57679
What are the prime factors of 699072?
2, 3, 11, 331
What are the prime factors of 19402329?
3, 67, 83, 1163
What are the prime factors of 2891105?
5, 7, 17, 43, 113
List the prime factors of 25080996.
2, 3, 229, 9127
What are the prime factors of 2569608?
2, 3, 89, 401
List the prime factors of 937868.
2, 234467
List the prime factors of 571653.
3, 19, 3343
What are the prime factors of 341713?
31, 73, 151
List the prime factors of 2991048.
2, 3, 17, 7331
List the prime factors of 4256189.
7, 86861
List the prime factors of 1869065.
5, 11, 17, 1999
List the prime factors of 4080243.
3, 1360081
What are the prime factors of 1314198?
2, 3, 24337
What are the prime factors of 27192?
2, 3, 11, 103
List the prime factors of 358917.
3, 13, 9203
List the prime factors of 14901144.
2, 3, 193, 3217
What are the prime factors of 4355592?
2, 3, 127, 1429
List the prime factors of 584240.
2, 5, 67, 109
What are the prime factors of 78763?
79, 997
List the prime factors of 1470940.
2, 5, 73547
List the prime factors of 827648.
2, 53, 61
What are the prime factors of 508073?
508073
What are the prime factors of 14832207?
3, 13, 42257
List the prime factors of 3316448.
2, 61, 1699
List the prime factors of 1345854.
2, 3, 224309
What are the prime factors of 1009891?
67, 15073
List the prime factors of 248989.
13, 107, 179
What are the prime factors of 17637880?
2, 5, 13, 107, 317
What are the prime factors of 8366323?
7, 1195189
List the prime factors of 21611.
21611
What are the prime factors of 13830?
2, 3, 5, 461
What are the prime factors of 4780925?
5, 191237
What are the prime factors of 673960?
2, 5, 7, 29, 83
What are the prime factors of 3317824?
2, 47, 1103
What are the prime factors of 3470187?
3, 7, 165247
List the prime factors of 299617.
299617
What are the prime factors of 369072?
2, 3, 11, 233
List the prime factors of 278146.
2, 11, 47, 269
What are the prime factors of 555788?
2, 19, 71, 103
List the prime factors of 637176.
2, 3, 139, 191
What are the prime factors of 201050?
2, 5, 4021
List the prime factors of 4951692.
2, 3, 17, 29, 31
List the prime factors of 19934258.
2, 9967129
List the prime factors of 1540248.
2, 3, 29, 2213
What are the prime factors of 8634001?
59, 61, 2399
List the prime factors of 1824125.
5, 14593
What are the prime factors of 225744?
2, 3, 4703
List the prime factors of 37565.
5, 11, 683
What are the prime factors of 28211156?
2, 23, 306643
What are the prime factors of 845847?
3, 93983
List the prime factors of 27086030.
2, 5, 2708603
List the prime factors of 29246.
2, 7, 2089
List the prime factors of 26050.
2, 5, 521
List the prime factors of 193744.
2, 12109
List the prime factors of 401314.
2, 200657
What are the prime factors of 15436304?
2, 13, 47, 1579
List the prime factors of 611475.
3, 5, 31, 263
What are the prime factors of 1066770?
2, 3, 5, 439
List the prime factors of 169759.
53, 3203
List the prime factors of 95091.
3, 29, 1093
What are the prime factors of 13098695?
5, 19, 173, 797
List the prime factors of 393260.
2, 5, 7, 53
List the prime factors of 237333.
3, 79111
List the prime factors of 167301.
3, 29, 641
What are the prime factors of 6387593?
283, 22571
List the prime factors of 271382.
2, 29, 4679
What are the prime factors of 798430?
2, 5, 79843
What are the prime factors of 287134?
2, 143567
List the prime factors of 38798.
2, 19, 1021
What are the prime factors of 24330760?
2, 5, 608269
What are the prime factors of 7940614?
2, 11, 61, 97
List the prime factors of 1517.
37, 41
What are the prime factors of 8513441?
37, 43, 5351
What are the prime factors of 895206?
2, 3, 13, 23, 499
What are the prime factors of 2962022?
2, 7, 211573
What are the prime factors of 1281935?
5, 83, 3089
What are the prime factors of 291536?
2, 7, 19, 137
List the prime factors of 58148.
2, 14537
What are the prime factors of 10063412?
2, 2515853
List the prime factors of 16761372.
2, 3, 199, 7019
What are the prime factors of 5736819?
3, 11, 263, 661
What are the prime factors of 325743?
3, 11, 9871
List the prime factors of 1552691.
7, 221813
List the prime factors of 990633.
3, 7, 23, 293
List the prime factors of 17292419.
2053, 8423
What are the prime factors of 927623?
29, 1103
What are the prime factors of 1229737?
19, 59, 1097
What are the prime factors of 350111?
350111
What are the prime factors of 134586?
2, 3, 7477
What are the prime factors of 1119664?
2, 7, 13, 769
List the prime factors of 160407.
3, 13, 457
What are the prime factors of 1600634?
2, 7, 16333
What are the prime factors of 14585452?
2, 7, 359, 1451
What are the prime factors of 539358?
2, 3, 241, 373
What are the prime factors of 377692?
2, 7, 41, 47
What are the prime factors of